{"id":418,"date":"2025-03-10T17:45:53","date_gmt":"2025-03-10T17:45:53","guid":{"rendered":"https:\/\/colombiaelectrica.com\/?page_id=418"},"modified":"2025-03-10T17:45:54","modified_gmt":"2025-03-10T17:45:54","slug":"realidad-aumentada-en-torre-de-alta-tension-3","status":"publish","type":"page","link":"https:\/\/colombiaelectrica.com\/index.php\/realidad-aumentada-en-torre-de-alta-tension-3\/","title":{"rendered":"Realidad Aumentada en Torre de Alta tensi\u00f3n # 3"},"content":{"rendered":"\n<figure class=\"wp-block-video\"><video controls src=\"https:\/\/colombiaelectrica.com\/wp-content\/uploads\/2025\/03\/WEB-COEL-TORRE-3-0.mp4\"><\/video><\/figure>\n","protected":false},"excerpt":{"rendered":"","protected":false},"author":1,"featured_media":379,"parent":0,"menu_order":0,"comment_status":"closed","ping_status":"closed","template":"","meta":{"site-sidebar-layout":"no-sidebar","site-content-layout":"plain-container","ast-global-header-display":"","ast-main-header-display":"","ast-hfb-above-header-display":"","ast-hfb-below-header-display":"","ast-hfb-mobile-header-display":"","site-post-title":"disabled","ast-breadcrumbs-content":"","ast-featured-img":"","footer-sml-layout":"","theme-transparent-header-meta":"enabled","adv-header-id-meta":"","stick-header-meta":"","header-above-stick-meta":"","header-main-stick-meta":"","header-below-stick-meta":""},"yoast_head":"<!-- This site is optimized with the Yoast SEO plugin v20.5 - https:\/\/yoast.com\/wordpress\/plugins\/seo\/ -->\n<title>Colombia El\u00e9ctrica - Realidad_Aumentada = [Publicidad, Educaci\u00f3n, Visualizaci\u00f3n]<\/title>\n<meta name=\"description\" content=\"\u00a1Utilice el Metaverso de Realidad Aumentada para llevar la Publicidad, la Visualizaci\u00f3n de Productos y la Educaci\u00f3n a otro nivel!\" \/>\n<meta name=\"robots\" content=\"index, follow, max-snippet:-1, max-image-preview:large, max-video-preview:-1\" \/>\n<link rel=\"canonical\" href=\"https:\/\/colombiaelectrica.com\/index.php\/realidad-aumentada-en-torre-de-alta-tension-3\/\" \/>\n<meta property=\"og:locale\" content=\"es_ES\" \/>\n<meta property=\"og:type\" content=\"article\" \/>\n<meta property=\"og:title\" content=\"Colombia El\u00e9ctrica - Realidad_Aumentada = [Publicidad, Educaci\u00f3n, Visualizaci\u00f3n]\" \/>\n<meta property=\"og:description\" content=\"\u00a1Utilice el Metaverso de Realidad Aumentada para llevar la Publicidad, la Visualizaci\u00f3n de Productos y la Educaci\u00f3n a otro nivel!\" \/>\n<meta property=\"og:url\" content=\"https:\/\/colombiaelectrica.com\/index.php\/realidad-aumentada-en-torre-de-alta-tension-3\/\" \/>\n<meta property=\"og:site_name\" content=\"Colombia El\u00e9ctrica\" \/>\n<meta property=\"article:publisher\" content=\"https:\/\/www.facebook.com\/colombiaelectrica\/\" \/>\n<meta property=\"article:modified_time\" content=\"2025-03-10T17:45:54+00:00\" \/>\n<meta property=\"og:image\" content=\"https:\/\/colombiaelectrica.com\/wp-content\/uploads\/2023\/04\/imagen-destacada-web-colombia-electrica-1.jpg\" \/>\n\t<meta property=\"og:image:width\" content=\"256\" \/>\n\t<meta property=\"og:image:height\" content=\"310\" \/>\n\t<meta property=\"og:image:type\" content=\"image\/jpeg\" \/>\n<meta name=\"twitter:card\" content=\"summary_large_image\" \/>\n<meta name=\"twitter:title\" content=\"Colombia El\u00e9ctrica - Realidad_Aumentada = [Publicidad, Educaci\u00f3n, Visualizaci\u00f3n]\" \/>\n<meta name=\"twitter:description\" content=\"\u00a1Utilice el Metaverso de Realidad Aumentada para llevar la Publicidad, la Visualizaci\u00f3n de Productos y la Educaci\u00f3n a otro nivel!\" \/>\n<meta name=\"twitter:image\" content=\"https:\/\/colombiaelectrica.com\/wp-content\/uploads\/2023\/04\/imagen-destacada-web-colombia-electrica-1.jpg\" \/>\n<script type=\"application\/ld+json\" class=\"yoast-schema-graph\">{\"@context\":\"https:\/\/schema.org\",\"@graph\":[{\"@type\":\"WebPage\",\"@id\":\"https:\/\/colombiaelectrica.com\/index.php\/realidad-aumentada-en-torre-de-alta-tension-3\/\",\"url\":\"https:\/\/colombiaelectrica.com\/index.php\/realidad-aumentada-en-torre-de-alta-tension-3\/\",\"name\":\"Colombia El\u00e9ctrica - Realidad_Aumentada = [Publicidad, Educaci\u00f3n, Visualizaci\u00f3n]\",\"isPartOf\":{\"@id\":\"https:\/\/colombiaelectrica.com\/#website\"},\"datePublished\":\"2025-03-10T17:45:53+00:00\",\"dateModified\":\"2025-03-10T17:45:54+00:00\",\"description\":\"\u00a1Utilice el Metaverso de Realidad Aumentada para llevar la Publicidad, la Visualizaci\u00f3n de Productos y la Educaci\u00f3n a otro nivel!\",\"breadcrumb\":{\"@id\":\"https:\/\/colombiaelectrica.com\/index.php\/realidad-aumentada-en-torre-de-alta-tension-3\/#breadcrumb\"},\"inLanguage\":\"es\",\"potentialAction\":[{\"@type\":\"ReadAction\",\"target\":[\"https:\/\/colombiaelectrica.com\/index.php\/realidad-aumentada-en-torre-de-alta-tension-3\/\"]}]},{\"@type\":\"BreadcrumbList\",\"@id\":\"https:\/\/colombiaelectrica.com\/index.php\/realidad-aumentada-en-torre-de-alta-tension-3\/#breadcrumb\",\"itemListElement\":[{\"@type\":\"ListItem\",\"position\":1,\"name\":\"Portada\",\"item\":\"https:\/\/colombiaelectrica.com\/\"},{\"@type\":\"ListItem\",\"position\":2,\"name\":\"Realidad Aumentada en Torre de Alta tensi\u00f3n # 3\"}]},{\"@type\":\"WebSite\",\"@id\":\"https:\/\/colombiaelectrica.com\/#website\",\"url\":\"https:\/\/colombiaelectrica.com\/\",\"name\":\"Colombia El\u00e9ctrica\",\"description\":\"Realidad_Aumentada = [Publicidad, Educaci\u00f3n, Visualizaci\u00f3n]\",\"publisher\":{\"@id\":\"https:\/\/colombiaelectrica.com\/#organization\"},\"potentialAction\":[{\"@type\":\"SearchAction\",\"target\":{\"@type\":\"EntryPoint\",\"urlTemplate\":\"https:\/\/colombiaelectrica.com\/?s={search_term_string}\"},\"query-input\":\"required name=search_term_string\"}],\"inLanguage\":\"es\"},{\"@type\":\"Organization\",\"@id\":\"https:\/\/colombiaelectrica.com\/#organization\",\"name\":\"Colombia El\u00e9ctrica\",\"url\":\"https:\/\/colombiaelectrica.com\/\",\"logo\":{\"@type\":\"ImageObject\",\"inLanguage\":\"es\",\"@id\":\"https:\/\/colombiaelectrica.com\/#\/schema\/logo\/image\/\",\"url\":\"https:\/\/colombiaelectrica.com\/wp-content\/uploads\/2023\/04\/COEL2333-2Recurso-4.jpg\",\"contentUrl\":\"https:\/\/colombiaelectrica.com\/wp-content\/uploads\/2023\/04\/COEL2333-2Recurso-4.jpg\",\"width\":256,\"height\":104,\"caption\":\"Colombia El\u00e9ctrica\"},\"image\":{\"@id\":\"https:\/\/colombiaelectrica.com\/#\/schema\/logo\/image\/\"},\"sameAs\":[\"https:\/\/www.facebook.com\/colombiaelectrica\/\",\"https:\/\/www.instagram.com\/colombiaelectrica\/\"]}]}<\/script>\n<!-- \/ Yoast SEO plugin. -->","yoast_head_json":{"title":"Colombia El\u00e9ctrica - Realidad_Aumentada = [Publicidad, Educaci\u00f3n, Visualizaci\u00f3n]","description":"\u00a1Utilice el Metaverso de Realidad Aumentada para llevar la Publicidad, la Visualizaci\u00f3n de Productos y la Educaci\u00f3n a otro nivel!","robots":{"index":"index","follow":"follow","max-snippet":"max-snippet:-1","max-image-preview":"max-image-preview:large","max-video-preview":"max-video-preview:-1"},"canonical":"https:\/\/colombiaelectrica.com\/index.php\/realidad-aumentada-en-torre-de-alta-tension-3\/","og_locale":"es_ES","og_type":"article","og_title":"Colombia El\u00e9ctrica - Realidad_Aumentada = [Publicidad, Educaci\u00f3n, Visualizaci\u00f3n]","og_description":"\u00a1Utilice el Metaverso de Realidad Aumentada para llevar la Publicidad, la Visualizaci\u00f3n de Productos y la Educaci\u00f3n a otro nivel!","og_url":"https:\/\/colombiaelectrica.com\/index.php\/realidad-aumentada-en-torre-de-alta-tension-3\/","og_site_name":"Colombia El\u00e9ctrica","article_publisher":"https:\/\/www.facebook.com\/colombiaelectrica\/","article_modified_time":"2025-03-10T17:45:54+00:00","og_image":[{"width":256,"height":310,"url":"https:\/\/colombiaelectrica.com\/wp-content\/uploads\/2023\/04\/imagen-destacada-web-colombia-electrica-1.jpg","type":"image\/jpeg"}],"twitter_card":"summary_large_image","twitter_title":"Colombia El\u00e9ctrica - Realidad_Aumentada = [Publicidad, Educaci\u00f3n, Visualizaci\u00f3n]","twitter_description":"\u00a1Utilice el Metaverso de Realidad Aumentada para llevar la Publicidad, la Visualizaci\u00f3n de Productos y la Educaci\u00f3n a otro nivel!","twitter_image":"https:\/\/colombiaelectrica.com\/wp-content\/uploads\/2023\/04\/imagen-destacada-web-colombia-electrica-1.jpg","schema":{"@context":"https:\/\/schema.org","@graph":[{"@type":"WebPage","@id":"https:\/\/colombiaelectrica.com\/index.php\/realidad-aumentada-en-torre-de-alta-tension-3\/","url":"https:\/\/colombiaelectrica.com\/index.php\/realidad-aumentada-en-torre-de-alta-tension-3\/","name":"Colombia El\u00e9ctrica - Realidad_Aumentada = [Publicidad, Educaci\u00f3n, Visualizaci\u00f3n]","isPartOf":{"@id":"https:\/\/colombiaelectrica.com\/#website"},"datePublished":"2025-03-10T17:45:53+00:00","dateModified":"2025-03-10T17:45:54+00:00","description":"\u00a1Utilice el Metaverso de Realidad Aumentada para llevar la Publicidad, la Visualizaci\u00f3n de Productos y la Educaci\u00f3n a otro nivel!","breadcrumb":{"@id":"https:\/\/colombiaelectrica.com\/index.php\/realidad-aumentada-en-torre-de-alta-tension-3\/#breadcrumb"},"inLanguage":"es","potentialAction":[{"@type":"ReadAction","target":["https:\/\/colombiaelectrica.com\/index.php\/realidad-aumentada-en-torre-de-alta-tension-3\/"]}]},{"@type":"BreadcrumbList","@id":"https:\/\/colombiaelectrica.com\/index.php\/realidad-aumentada-en-torre-de-alta-tension-3\/#breadcrumb","itemListElement":[{"@type":"ListItem","position":1,"name":"Portada","item":"https:\/\/colombiaelectrica.com\/"},{"@type":"ListItem","position":2,"name":"Realidad Aumentada en Torre de Alta tensi\u00f3n # 3"}]},{"@type":"WebSite","@id":"https:\/\/colombiaelectrica.com\/#website","url":"https:\/\/colombiaelectrica.com\/","name":"Colombia El\u00e9ctrica","description":"Realidad_Aumentada = [Publicidad, Educaci\u00f3n, Visualizaci\u00f3n]","publisher":{"@id":"https:\/\/colombiaelectrica.com\/#organization"},"potentialAction":[{"@type":"SearchAction","target":{"@type":"EntryPoint","urlTemplate":"https:\/\/colombiaelectrica.com\/?s={search_term_string}"},"query-input":"required name=search_term_string"}],"inLanguage":"es"},{"@type":"Organization","@id":"https:\/\/colombiaelectrica.com\/#organization","name":"Colombia El\u00e9ctrica","url":"https:\/\/colombiaelectrica.com\/","logo":{"@type":"ImageObject","inLanguage":"es","@id":"https:\/\/colombiaelectrica.com\/#\/schema\/logo\/image\/","url":"https:\/\/colombiaelectrica.com\/wp-content\/uploads\/2023\/04\/COEL2333-2Recurso-4.jpg","contentUrl":"https:\/\/colombiaelectrica.com\/wp-content\/uploads\/2023\/04\/COEL2333-2Recurso-4.jpg","width":256,"height":104,"caption":"Colombia El\u00e9ctrica"},"image":{"@id":"https:\/\/colombiaelectrica.com\/#\/schema\/logo\/image\/"},"sameAs":["https:\/\/www.facebook.com\/colombiaelectrica\/","https:\/\/www.instagram.com\/colombiaelectrica\/"]}]}},"_links":{"self":[{"href":"https:\/\/colombiaelectrica.com\/index.php\/wp-json\/wp\/v2\/pages\/418"}],"collection":[{"href":"https:\/\/colombiaelectrica.com\/index.php\/wp-json\/wp\/v2\/pages"}],"about":[{"href":"https:\/\/colombiaelectrica.com\/index.php\/wp-json\/wp\/v2\/types\/page"}],"author":[{"embeddable":true,"href":"https:\/\/colombiaelectrica.com\/index.php\/wp-json\/wp\/v2\/users\/1"}],"replies":[{"embeddable":true,"href":"https:\/\/colombiaelectrica.com\/index.php\/wp-json\/wp\/v2\/comments?post=418"}],"version-history":[{"count":1,"href":"https:\/\/colombiaelectrica.com\/index.php\/wp-json\/wp\/v2\/pages\/418\/revisions"}],"predecessor-version":[{"id":421,"href":"https:\/\/colombiaelectrica.com\/index.php\/wp-json\/wp\/v2\/pages\/418\/revisions\/421"}],"wp:featuredmedia":[{"embeddable":true,"href":"https:\/\/colombiaelectrica.com\/index.php\/wp-json\/wp\/v2\/media\/379"}],"wp:attachment":[{"href":"https:\/\/colombiaelectrica.com\/index.php\/wp-json\/wp\/v2\/media?parent=418"}],"curies":[{"name":"wp","href":"https:\/\/api.w.org\/{rel}","templated":true}]}}

Realidad Aumentada en Torre de Alta tensión # 3

<!-- This site is optimized with the Yoast SEO plugin v20.5 - https://yoast.com/wordpress/plugins/seo/ -->
<title>Colombia Eléctrica - Realidad_Aumentada = [Publicidad, Educación, Visualización]</title>
<meta name="description" content="¡Utilice el Metaverso de Realidad Aumentada para llevar la Publicidad, la Visualización de Productos y la Educación a otro nivel!" />
<meta name="robots" content="index, follow, max-snippet:-1, max-image-preview:large, max-video-preview:-1" />
<link rel="canonical" href="https://colombiaelectrica.com/index.php/realidad-aumentada-en-torre-de-alta-tension-3/" />
<meta property="og:locale" content="es_ES" />
<meta property="og:type" content="article" />
<meta property="og:title" content="Colombia Eléctrica - Realidad_Aumentada = [Publicidad, Educación, Visualización]" />
<meta property="og:description" content="¡Utilice el Metaverso de Realidad Aumentada para llevar la Publicidad, la Visualización de Productos y la Educación a otro nivel!" />
<meta property="og:url" content="https://colombiaelectrica.com/index.php/realidad-aumentada-en-torre-de-alta-tension-3/" />
<meta property="og:site_name" content="Colombia Eléctrica" />
<meta property="article:publisher" content="https://www.facebook.com/colombiaelectrica/" />
<meta property="article:modified_time" content="2025-03-10T17:45:54+00:00" />
<meta property="og:image" content="https://colombiaelectrica.com/wp-content/uploads/2023/04/imagen-destacada-web-colombia-electrica-1.jpg" />
	<meta property="og:image:width" content="256" />
	<meta property="og:image:height" content="310" />
	<meta property="og:image:type" content="image/jpeg" />
<meta name="twitter:card" content="summary_large_image" />
<meta name="twitter:title" content="Colombia Eléctrica - Realidad_Aumentada = [Publicidad, Educación, Visualización]" />
<meta name="twitter:description" content="¡Utilice el Metaverso de Realidad Aumentada para llevar la Publicidad, la Visualización de Productos y la Educación a otro nivel!" />
<meta name="twitter:image" content="https://colombiaelectrica.com/wp-content/uploads/2023/04/imagen-destacada-web-colombia-electrica-1.jpg" />
<script type="application/ld+json" class="yoast-schema-graph">{"@context":"https://schema.org","@graph":[{"@type":"WebPage","@id":"https://colombiaelectrica.com/index.php/realidad-aumentada-en-torre-de-alta-tension-3/","url":"https://colombiaelectrica.com/index.php/realidad-aumentada-en-torre-de-alta-tension-3/","name":"Colombia Eléctrica - Realidad_Aumentada = [Publicidad, Educación, Visualización]","isPartOf":{"@id":"https://colombiaelectrica.com/#website"},"datePublished":"2025-03-10T17:45:53+00:00","dateModified":"2025-03-10T17:45:54+00:00","description":"¡Utilice el Metaverso de Realidad Aumentada para llevar la Publicidad, la Visualización de Productos y la Educación a otro nivel!","breadcrumb":{"@id":"https://colombiaelectrica.com/index.php/realidad-aumentada-en-torre-de-alta-tension-3/#breadcrumb"},"inLanguage":"es","potentialAction":[{"@type":"ReadAction","target":["https://colombiaelectrica.com/index.php/realidad-aumentada-en-torre-de-alta-tension-3/"]}]},{"@type":"BreadcrumbList","@id":"https://colombiaelectrica.com/index.php/realidad-aumentada-en-torre-de-alta-tension-3/#breadcrumb","itemListElement":[{"@type":"ListItem","position":1,"name":"Portada","item":"https://colombiaelectrica.com/"},{"@type":"ListItem","position":2,"name":"Realidad Aumentada en Torre de Alta tensión # 3"}]},{"@type":"WebSite","@id":"https://colombiaelectrica.com/#website","url":"https://colombiaelectrica.com/","name":"Colombia Eléctrica","description":"Realidad_Aumentada = [Publicidad, Educación, Visualización]","publisher":{"@id":"https://colombiaelectrica.com/#organization"},"potentialAction":[{"@type":"SearchAction","target":{"@type":"EntryPoint","urlTemplate":"https://colombiaelectrica.com/?s={search_term_string}"},"query-input":"required name=search_term_string"}],"inLanguage":"es"},{"@type":"Organization","@id":"https://colombiaelectrica.com/#organization","name":"Colombia Eléctrica","url":"https://colombiaelectrica.com/","logo":{"@type":"ImageObject","inLanguage":"es","@id":"https://colombiaelectrica.com/#/schema/logo/image/","url":"https://colombiaelectrica.com/wp-content/uploads/2023/04/COEL2333-2Recurso-4.jpg","contentUrl":"https://colombiaelectrica.com/wp-content/uploads/2023/04/COEL2333-2Recurso-4.jpg","width":256,"height":104,"caption":"Colombia Eléctrica"},"image":{"@id":"https://colombiaelectrica.com/#/schema/logo/image/"},"sameAs":["https://www.facebook.com/colombiaelectrica/","https://www.instagram.com/colombiaelectrica/"]}]}</script>
<!-- / Yoast SEO plugin. -->

Colombia Eléctrica - Realidad_Aumentada = [Publicidad, Educación, Visualización]

¡Utilice el Metaverso de Realidad Aumentada para llevar la Publicidad, la Visualización de Productos y la Educación a otro nivel!

Colombia Eléctrica

Realidad_Aumentada = [Publicidad, Educación, Visualización]
